{"id":75,"date":"2024-09-27T07:58:14","date_gmt":"2024-09-27T07:58:14","guid":{"rendered":"https:\/\/hungariandaystm.ro\/2024\/?page_id=75"},"modified":"2024-09-27T20:46:53","modified_gmt":"2024-09-27T18:46:53","slug":"about-us","status":"publish","type":"page","link":"https:\/\/hungariandaystm.ro\/2024\/about-us\/","title":{"rendered":"About us"},"content":{"rendered":"\t\t<div data-elementor-type=\"wp-page\" data-elementor-id=\"75\" class=\"elementor elementor-75\" data-elementor-post-type=\"page\">\n\t\t\t\t\t\t<section class=\"elementor-section elementor-top-section elementor-element elementor-element-4c83ea96 elementor-section-height-full elementor-section-items-top elementor-section-boxed elementor-section-height-default\" data-id=\"4c83ea96\" data-element_type=\"section\" data-settings=\"{&quot;background_background&quot;:&quot;classic&quot;}\">\n\t\t\t\t\t\t<div class=\"elementor-container elementor-column-gap-default\">\n\t\t\t\t\t<div class=\"elementor-column elementor-col-100 elementor-top-column elementor-element elementor-element-3e81d259\" data-id=\"3e81d259\" data-element_type=\"column\" data-settings=\"{&quot;background_background&quot;:&quot;classic&quot;}\">\n\t\t\t<div class=\"elementor-widget-wrap elementor-element-populated\">\n\t\t\t\t\t\t<div class=\"elementor-element elementor-element-452394fb elementor-widget elementor-widget-image\" data-id=\"452394fb\" data-element_type=\"widget\" data-widget_type=\"image.default\">\n\t\t\t\t<div class=\"elementor-widget-container\">\n\t\t\t<style>\/*! elementor - v3.23.0 - 05-08-2024 *\/\n.elementor-widget-image{text-align:center}.elementor-widget-image a{display:inline-block}.elementor-widget-image a img[src$=\".svg\"]{width:48px}.elementor-widget-image img{vertical-align:middle;display:inline-block}<\/style>\t\t\t\t\t\t\t\t\t\t<img fetchpriority=\"high\" decoding=\"async\" width=\"383\" height=\"226\" src=\"https:\/\/hungariandaystm.ro\/2024\/wp-content\/uploads\/2024\/09\/varbastya-0.svg\" class=\"attachment-large size-large wp-image-68\" alt=\"\" \/>\t\t\t\t\t\t\t\t\t\t\t\t\t<\/div>\n\t\t\t\t<\/div>\n\t\t\t\t<div class=\"elementor-element elementor-element-5812c5e2 elementor-widget elementor-widget-text-editor\" data-id=\"5812c5e2\" data-element_type=\"widget\" data-widget_type=\"text-editor.default\">\n\t\t\t\t<div class=\"elementor-widget-container\">\n\t\t\t<style>\/*! elementor - v3.23.0 - 05-08-2024 *\/\n.elementor-widget-text-editor.elementor-drop-cap-view-stacked .elementor-drop-cap{background-color:#69727d;color:#fff}.elementor-widget-text-editor.elementor-drop-cap-view-framed .elementor-drop-cap{color:#69727d;border:3px solid;background-color:transparent}.elementor-widget-text-editor:not(.elementor-drop-cap-view-default) .elementor-drop-cap{margin-top:8px}.elementor-widget-text-editor:not(.elementor-drop-cap-view-default) .elementor-drop-cap-letter{width:1em;height:1em}.elementor-widget-text-editor .elementor-drop-cap{float:left;text-align:center;line-height:1;font-size:50px}.elementor-widget-text-editor .elementor-drop-cap-letter{display:inline-block}<\/style>\t\t\t\t<p>The Bastion-Varbastya Association is an organisation registered in 2016, through which the founders aim to provide a legal framework for a broad collaboration between civil, ecclesiastical, educational and political institutions in Timisoara, with the aim of broadening the range of Hungarian events in Timisoara.<\/p><p>The organisation is headed by a seven-member board. Its President is L\u00e1szl\u00f3 P\u00e9ter Tam\u00e1s, Honorary Consul of Hungary in Timisoara. Vice-presidents: Erdei Ildik\u00f3, K\u00e1sa Zsolt, Szilv\u00e1gyi Zsolt, S\u00fct\u0151-Udvari Magdolna, Metz Rita, T\u00f3th Istv\u00e1n.<\/p><p>One of the main objectives of the association is to organise the Hungarian Days of Timisoara as a joint celebration of Hungarians in Timisoara, in the framework of a weekend event in public spaces. We envision the Hungarian Days of Timisoara as an event that will reach out to and mobilise the entire Hungarian community in Timisoara, providing quality programmes for all ages of the community through cultural, educational, cultural, traditional and entertaining events. This year we are organising the fourth edition of the Hungarian Days of Timisoara.<\/p><p>Another aim of the Bastion-Varbastya Association is to take up issues that affect the Hungarian community, which can be achieved with the broad involvement of the Hungarian community in Timisoara. Since last year, the association has been running the Hungarian House, which has quickly established itself as another Hungarian venue in the hearts of Hungarians in Timisoara. During its year and a half of operation, the club has hosted more than 50 Hungarian events. The V\u00e1rb\u00e1stya Association runs the Timis County NGO Fund, which this year for the third year in a row provides small grants to Timis County NGOs. During its operation, the fund has supported more than 30 projects.<\/p>\t\t\t\t\t\t<\/div>\n\t\t\t\t<\/div>\n\t\t\t\t\t<\/div>\n\t\t<\/div>\n\t\t\t\t\t<\/div>\n\t\t<\/section>\n\t\t\t\t<\/div>\n\t\t","protected":false},"excerpt":{"rendered":"<p>The Bastion-Varbastya Association is an organisation registered in 2016, through which the founders aim to provide a legal framework for a broad collaboration between civil, ecclesiastical, educational and political institutions in Timisoara, with the aim of broadening the range of Hungarian events in Timisoara. The organisation is headed by a seven-member board. Its President is [&hellip;]<\/p>\n","protected":false},"author":1,"featured_media":0,"parent":0,"menu_order":0,"comment_status":"closed","ping_status":"closed","template":"","meta":{"footnotes":""},"class_list":["post-75","page","type-page","status-publish","hentry"],"_links":{"self":[{"href":"https:\/\/hungariandaystm.ro\/2024\/wp-json\/wp\/v2\/pages\/75","targetHints":{"allow":["GET"]}}],"collection":[{"href":"https:\/\/hungariandaystm.ro\/2024\/wp-json\/wp\/v2\/pages"}],"about":[{"href":"https:\/\/hungariandaystm.ro\/2024\/wp-json\/wp\/v2\/types\/page"}],"author":[{"embeddable":true,"href":"https:\/\/hungariandaystm.ro\/2024\/wp-json\/wp\/v2\/users\/1"}],"replies":[{"embeddable":true,"href":"https:\/\/hungariandaystm.ro\/2024\/wp-json\/wp\/v2\/comments?post=75"}],"version-history":[{"count":10,"href":"https:\/\/hungariandaystm.ro\/2024\/wp-json\/wp\/v2\/pages\/75\/revisions"}],"predecessor-version":[{"id":225,"href":"https:\/\/hungariandaystm.ro\/2024\/wp-json\/wp\/v2\/pages\/75\/revisions\/225"}],"wp:attachment":[{"href":"https:\/\/hungariandaystm.ro\/2024\/wp-json\/wp\/v2\/media?parent=75"}],"curies":[{"name":"wp","href":"https:\/\/api.w.org\/{rel}","templated":true}]}}